{"id":46,"date":"2019-12-29T15:53:53","date_gmt":"2019-12-29T14:53:53","guid":{"rendered":"http:\/\/gckzsjv.cluster029.hosting.ovh.net\/?post_type=product&#038;p=46"},"modified":"2020-09-30T14:13:40","modified_gmt":"2020-09-30T12:13:40","slug":"set-de-cartes-mon-pilates-au-quotidien","status":"publish","type":"product","link":"https:\/\/www.monpilatesauquotidien.com\/index.php\/produit\/set-de-cartes-mon-pilates-au-quotidien\/","title":{"rendered":"Set de Cartes &lsquo;Mon Pilates Au Quotidien&rsquo; (Pochette)"},"content":{"rendered":"<p><em><strong>Un Set de 14 illustrations (Nade_Illustrations) repr\u00e9sentant nos gestes du quotidien + 2 cartes Pr\u00e9sentation\/Astuces.\u00a0<\/strong><\/em><\/p>\n<p><em><strong>100% Local \/ 100% Tourangeau\u00a0<\/strong><\/em><\/p>\n<p><em><strong>1 pochette (couleur de votre choix) + 16 cartes<\/strong><\/em><\/p>\n<p>Les Pochettes ont \u00e9t\u00e9 r\u00e9alis\u00e9es par une couturi\u00e8re tourangelle, le tissu achet\u00e9 dans une boutique \u00e0 Tours, la s\u00e9rigraphie a \u00e9t\u00e9 faite par Ecran Total (St Pierre Des Corps).<\/p>\n","protected":false},"excerpt":{"rendered":"<p>Un Set de 14 illustrations (Nade_Illustrations) repr\u00e9sentant nos gestes du quotidien + 2 cartes Pr\u00e9sentation\/Astuces.\u00a0 100% Local \/ 100% Tourangeau\u00a0 1 pochette (couleur de votre choix) + 16 cartes Les Pochettes ont \u00e9t\u00e9 r\u00e9alis\u00e9es par une couturi\u00e8re tourangelle, le tissu achet\u00e9 dans une boutique \u00e0 Tours, la s\u00e9rigraphie a \u00e9t\u00e9 faite par Ecran Total (St [&hellip;]<\/p>\n","protected":false},"featured_media":1600,"template":"","meta":[],"product_cat":[29],"product_tag":[],"class_list":{"0":"post-46","1":"product","2":"type-product","3":"status-publish","4":"has-post-thumbnail","6":"product_cat-set-de-cartes","8":"first","9":"outofstock","10":"purchasable","11":"product-type-simple"},"yoast_head":"<!-- This site is optimized with the Yoast SEO plugin v24.1 - https:\/\/yoast.com\/wordpress\/plugins\/seo\/ -->\n<title>Set de Cartes &#039;Mon Pilates Au Quotidien&#039; (Pochette) - Mon Pilates Au Quotidien<\/title>\n<meta name=\"robots\" content=\"index, follow, max-snippet:-1, max-image-preview:large, max-video-preview:-1\" \/>\n<link rel=\"canonical\" href=\"https:\/\/www.monpilatesauquotidien.com\/index.php\/produit\/set-de-cartes-mon-pilates-au-quotidien\/\" \/>\n<meta property=\"og:locale\" content=\"fr_FR\" \/>\n<meta property=\"og:type\" content=\"article\" \/>\n<meta property=\"og:title\" content=\"Set de Cartes &#039;Mon Pilates Au Quotidien&#039; (Pochette) - Mon Pilates Au Quotidien\" \/>\n<meta property=\"og:description\" content=\"Un Set de 14 illustrations (Nade_Illustrations) repr\u00e9sentant nos gestes du quotidien + 2 cartes Pr\u00e9sentation\/Astuces.\u00a0 100% Local \/ 100% Tourangeau\u00a0 1 pochette (couleur de votre choix) + 16 cartes Les Pochettes ont \u00e9t\u00e9 r\u00e9alis\u00e9es par une couturi\u00e8re tourangelle, le tissu achet\u00e9 dans une boutique \u00e0 Tours, la s\u00e9rigraphie a \u00e9t\u00e9 faite par Ecran Total (St [&hellip;]\" \/>\n<meta property=\"og:url\" content=\"https:\/\/www.monpilatesauquotidien.com\/index.php\/produit\/set-de-cartes-mon-pilates-au-quotidien\/\" \/>\n<meta property=\"og:site_name\" content=\"Mon Pilates Au Quotidien\" \/>\n<meta property=\"article:publisher\" content=\"https:\/\/www.facebook.com\/pages\/category\/Health-Beauty\/Mon-Pilates-Au-Quotidien-108146187344815\/\" \/>\n<meta property=\"article:modified_time\" content=\"2020-09-30T12:13:40+00:00\" \/>\n<meta property=\"og:image\" content=\"https:\/\/www.monpilatesauquotidien.com\/wp-content\/uploads\/2019\/12\/Produit-Set-Cartes-scaled-e1587310365983.jpg\" \/>\n\t<meta property=\"og:image:width\" content=\"1538\" \/>\n\t<meta property=\"og:image:height\" content=\"2560\" \/>\n\t<meta property=\"og:image:type\" content=\"image\/jpeg\" \/>\n<meta name=\"twitter:card\" content=\"summary_large_image\" \/>\n<script type=\"application\/ld+json\" class=\"yoast-schema-graph\">{\"@context\":\"https:\/\/schema.org\",\"@graph\":[{\"@type\":\"WebPage\",\"@id\":\"https:\/\/www.monpilatesauquotidien.com\/index.php\/produit\/set-de-cartes-mon-pilates-au-quotidien\/\",\"url\":\"https:\/\/www.monpilatesauquotidien.com\/index.php\/produit\/set-de-cartes-mon-pilates-au-quotidien\/\",\"name\":\"Set de Cartes 'Mon Pilates Au Quotidien' (Pochette) - Mon Pilates Au Quotidien\",\"isPartOf\":{\"@id\":\"https:\/\/www.monpilatesauquotidien.com\/#website\"},\"primaryImageOfPage\":{\"@id\":\"https:\/\/www.monpilatesauquotidien.com\/index.php\/produit\/set-de-cartes-mon-pilates-au-quotidien\/#primaryimage\"},\"image\":{\"@id\":\"https:\/\/www.monpilatesauquotidien.com\/index.php\/produit\/set-de-cartes-mon-pilates-au-quotidien\/#primaryimage\"},\"thumbnailUrl\":\"https:\/\/www.monpilatesauquotidien.com\/wp-content\/uploads\/2019\/12\/Produit-Set-Cartes-scaled-e1587310365983.jpg\",\"datePublished\":\"2019-12-29T14:53:53+00:00\",\"dateModified\":\"2020-09-30T12:13:40+00:00\",\"breadcrumb\":{\"@id\":\"https:\/\/www.monpilatesauquotidien.com\/index.php\/produit\/set-de-cartes-mon-pilates-au-quotidien\/#breadcrumb\"},\"inLanguage\":\"fr-FR\",\"potentialAction\":[{\"@type\":\"ReadAction\",\"target\":[\"https:\/\/www.monpilatesauquotidien.com\/index.php\/produit\/set-de-cartes-mon-pilates-au-quotidien\/\"]}]},{\"@type\":\"ImageObject\",\"inLanguage\":\"fr-FR\",\"@id\":\"https:\/\/www.monpilatesauquotidien.com\/index.php\/produit\/set-de-cartes-mon-pilates-au-quotidien\/#primaryimage\",\"url\":\"https:\/\/www.monpilatesauquotidien.com\/wp-content\/uploads\/2019\/12\/Produit-Set-Cartes-scaled-e1587310365983.jpg\",\"contentUrl\":\"https:\/\/www.monpilatesauquotidien.com\/wp-content\/uploads\/2019\/12\/Produit-Set-Cartes-scaled-e1587310365983.jpg\",\"width\":1538,\"height\":2560},{\"@type\":\"BreadcrumbList\",\"@id\":\"https:\/\/www.monpilatesauquotidien.com\/index.php\/produit\/set-de-cartes-mon-pilates-au-quotidien\/#breadcrumb\",\"itemListElement\":[{\"@type\":\"ListItem\",\"position\":1,\"name\":\"Accueil\",\"item\":\"https:\/\/www.monpilatesauquotidien.com\/\"},{\"@type\":\"ListItem\",\"position\":2,\"name\":\"Boutique\",\"item\":\"https:\/\/www.monpilatesauquotidien.com\/index.php\/boutique\/\"},{\"@type\":\"ListItem\",\"position\":3,\"name\":\"Set de Cartes &#8216;Mon Pilates Au Quotidien&#8217; (Pochette)\"}]},{\"@type\":\"WebSite\",\"@id\":\"https:\/\/www.monpilatesauquotidien.com\/#website\",\"url\":\"https:\/\/www.monpilatesauquotidien.com\/\",\"name\":\"Mon Pilates Au Quotidien\",\"description\":\"\",\"publisher\":{\"@id\":\"https:\/\/www.monpilatesauquotidien.com\/#organization\"},\"potentialAction\":[{\"@type\":\"SearchAction\",\"target\":{\"@type\":\"EntryPoint\",\"urlTemplate\":\"https:\/\/www.monpilatesauquotidien.com\/?s={search_term_string}\"},\"query-input\":{\"@type\":\"PropertyValueSpecification\",\"valueRequired\":true,\"valueName\":\"search_term_string\"}}],\"inLanguage\":\"fr-FR\"},{\"@type\":\"Organization\",\"@id\":\"https:\/\/www.monpilatesauquotidien.com\/#organization\",\"name\":\"Mon Pilates Au Quotidien\",\"url\":\"https:\/\/www.monpilatesauquotidien.com\/\",\"logo\":{\"@type\":\"ImageObject\",\"inLanguage\":\"fr-FR\",\"@id\":\"https:\/\/www.monpilatesauquotidien.com\/#\/schema\/logo\/image\/\",\"url\":\"https:\/\/www.monpilatesauquotidien.com\/wp-content\/uploads\/2020\/01\/1jojVVCOMkX9Wyrexe4hGfU0aibzE4TyVqYlCUaLysosFAoyXR006x9qf82PEFZtVwNhBcGcMI0jiFtFN5MzV8w8j6IPoNDXXt3yC8SBrdYRTl0LFGUFP8.png\",\"contentUrl\":\"https:\/\/www.monpilatesauquotidien.com\/wp-content\/uploads\/2020\/01\/1jojVVCOMkX9Wyrexe4hGfU0aibzE4TyVqYlCUaLysosFAoyXR006x9qf82PEFZtVwNhBcGcMI0jiFtFN5MzV8w8j6IPoNDXXt3yC8SBrdYRTl0LFGUFP8.png\",\"width\":190,\"height\":114,\"caption\":\"Mon Pilates Au Quotidien\"},\"image\":{\"@id\":\"https:\/\/www.monpilatesauquotidien.com\/#\/schema\/logo\/image\/\"},\"sameAs\":[\"https:\/\/www.facebook.com\/pages\/category\/Health-Beauty\/Mon-Pilates-Au-Quotidien-108146187344815\/\",\"https:\/\/www.instagram.com\/monpilatesauquotidien\/\"]}]}<\/script>\n<!-- \/ Yoast SEO plugin. -->","yoast_head_json":{"title":"Set de Cartes 'Mon Pilates Au Quotidien' (Pochette) - Mon Pilates Au Quotidien","robots":{"index":"index","follow":"follow","max-snippet":"max-snippet:-1","max-image-preview":"max-image-preview:large","max-video-preview":"max-video-preview:-1"},"canonical":"https:\/\/www.monpilatesauquotidien.com\/index.php\/produit\/set-de-cartes-mon-pilates-au-quotidien\/","og_locale":"fr_FR","og_type":"article","og_title":"Set de Cartes 'Mon Pilates Au Quotidien' (Pochette) - Mon Pilates Au Quotidien","og_description":"Un Set de 14 illustrations (Nade_Illustrations) repr\u00e9sentant nos gestes du quotidien + 2 cartes Pr\u00e9sentation\/Astuces.\u00a0 100% Local \/ 100% Tourangeau\u00a0 1 pochette (couleur de votre choix) + 16 cartes Les Pochettes ont \u00e9t\u00e9 r\u00e9alis\u00e9es par une couturi\u00e8re tourangelle, le tissu achet\u00e9 dans une boutique \u00e0 Tours, la s\u00e9rigraphie a \u00e9t\u00e9 faite par Ecran Total (St [&hellip;]","og_url":"https:\/\/www.monpilatesauquotidien.com\/index.php\/produit\/set-de-cartes-mon-pilates-au-quotidien\/","og_site_name":"Mon Pilates Au Quotidien","article_publisher":"https:\/\/www.facebook.com\/pages\/category\/Health-Beauty\/Mon-Pilates-Au-Quotidien-108146187344815\/","article_modified_time":"2020-09-30T12:13:40+00:00","og_image":[{"width":1538,"height":2560,"url":"https:\/\/www.monpilatesauquotidien.com\/wp-content\/uploads\/2019\/12\/Produit-Set-Cartes-scaled-e1587310365983.jpg","type":"image\/jpeg"}],"twitter_card":"summary_large_image","schema":{"@context":"https:\/\/schema.org","@graph":[{"@type":"WebPage","@id":"https:\/\/www.monpilatesauquotidien.com\/index.php\/produit\/set-de-cartes-mon-pilates-au-quotidien\/","url":"https:\/\/www.monpilatesauquotidien.com\/index.php\/produit\/set-de-cartes-mon-pilates-au-quotidien\/","name":"Set de Cartes 'Mon Pilates Au Quotidien' (Pochette) - Mon Pilates Au Quotidien","isPartOf":{"@id":"https:\/\/www.monpilatesauquotidien.com\/#website"},"primaryImageOfPage":{"@id":"https:\/\/www.monpilatesauquotidien.com\/index.php\/produit\/set-de-cartes-mon-pilates-au-quotidien\/#primaryimage"},"image":{"@id":"https:\/\/www.monpilatesauquotidien.com\/index.php\/produit\/set-de-cartes-mon-pilates-au-quotidien\/#primaryimage"},"thumbnailUrl":"https:\/\/www.monpilatesauquotidien.com\/wp-content\/uploads\/2019\/12\/Produit-Set-Cartes-scaled-e1587310365983.jpg","datePublished":"2019-12-29T14:53:53+00:00","dateModified":"2020-09-30T12:13:40+00:00","breadcrumb":{"@id":"https:\/\/www.monpilatesauquotidien.com\/index.php\/produit\/set-de-cartes-mon-pilates-au-quotidien\/#breadcrumb"},"inLanguage":"fr-FR","potentialAction":[{"@type":"ReadAction","target":["https:\/\/www.monpilatesauquotidien.com\/index.php\/produit\/set-de-cartes-mon-pilates-au-quotidien\/"]}]},{"@type":"ImageObject","inLanguage":"fr-FR","@id":"https:\/\/www.monpilatesauquotidien.com\/index.php\/produit\/set-de-cartes-mon-pilates-au-quotidien\/#primaryimage","url":"https:\/\/www.monpilatesauquotidien.com\/wp-content\/uploads\/2019\/12\/Produit-Set-Cartes-scaled-e1587310365983.jpg","contentUrl":"https:\/\/www.monpilatesauquotidien.com\/wp-content\/uploads\/2019\/12\/Produit-Set-Cartes-scaled-e1587310365983.jpg","width":1538,"height":2560},{"@type":"BreadcrumbList","@id":"https:\/\/www.monpilatesauquotidien.com\/index.php\/produit\/set-de-cartes-mon-pilates-au-quotidien\/#breadcrumb","itemListElement":[{"@type":"ListItem","position":1,"name":"Accueil","item":"https:\/\/www.monpilatesauquotidien.com\/"},{"@type":"ListItem","position":2,"name":"Boutique","item":"https:\/\/www.monpilatesauquotidien.com\/index.php\/boutique\/"},{"@type":"ListItem","position":3,"name":"Set de Cartes &#8216;Mon Pilates Au Quotidien&#8217; (Pochette)"}]},{"@type":"WebSite","@id":"https:\/\/www.monpilatesauquotidien.com\/#website","url":"https:\/\/www.monpilatesauquotidien.com\/","name":"Mon Pilates Au Quotidien","description":"","publisher":{"@id":"https:\/\/www.monpilatesauquotidien.com\/#organization"},"potentialAction":[{"@type":"SearchAction","target":{"@type":"EntryPoint","urlTemplate":"https:\/\/www.monpilatesauquotidien.com\/?s={search_term_string}"},"query-input":{"@type":"PropertyValueSpecification","valueRequired":true,"valueName":"search_term_string"}}],"inLanguage":"fr-FR"},{"@type":"Organization","@id":"https:\/\/www.monpilatesauquotidien.com\/#organization","name":"Mon Pilates Au Quotidien","url":"https:\/\/www.monpilatesauquotidien.com\/","logo":{"@type":"ImageObject","inLanguage":"fr-FR","@id":"https:\/\/www.monpilatesauquotidien.com\/#\/schema\/logo\/image\/","url":"https:\/\/www.monpilatesauquotidien.com\/wp-content\/uploads\/2020\/01\/1jojVVCOMkX9Wyrexe4hGfU0aibzE4TyVqYlCUaLysosFAoyXR006x9qf82PEFZtVwNhBcGcMI0jiFtFN5MzV8w8j6IPoNDXXt3yC8SBrdYRTl0LFGUFP8.png","contentUrl":"https:\/\/www.monpilatesauquotidien.com\/wp-content\/uploads\/2020\/01\/1jojVVCOMkX9Wyrexe4hGfU0aibzE4TyVqYlCUaLysosFAoyXR006x9qf82PEFZtVwNhBcGcMI0jiFtFN5MzV8w8j6IPoNDXXt3yC8SBrdYRTl0LFGUFP8.png","width":190,"height":114,"caption":"Mon Pilates Au Quotidien"},"image":{"@id":"https:\/\/www.monpilatesauquotidien.com\/#\/schema\/logo\/image\/"},"sameAs":["https:\/\/www.facebook.com\/pages\/category\/Health-Beauty\/Mon-Pilates-Au-Quotidien-108146187344815\/","https:\/\/www.instagram.com\/monpilatesauquotidien\/"]}]}},"jetpack_sharing_enabled":true,"_links":{"self":[{"href":"https:\/\/www.monpilatesauquotidien.com\/index.php\/wp-json\/wp\/v2\/product\/46","targetHints":{"allow":["GET"]}}],"collection":[{"href":"https:\/\/www.monpilatesauquotidien.com\/index.php\/wp-json\/wp\/v2\/product"}],"about":[{"href":"https:\/\/www.monpilatesauquotidien.com\/index.php\/wp-json\/wp\/v2\/types\/product"}],"wp:featuredmedia":[{"embeddable":true,"href":"https:\/\/www.monpilatesauquotidien.com\/index.php\/wp-json\/wp\/v2\/media\/1600"}],"wp:attachment":[{"href":"https:\/\/www.monpilatesauquotidien.com\/index.php\/wp-json\/wp\/v2\/media?parent=46"}],"wp:term":[{"taxonomy":"product_cat","embeddable":true,"href":"https:\/\/www.monpilatesauquotidien.com\/index.php\/wp-json\/wp\/v2\/product_cat?post=46"},{"taxonomy":"product_tag","embeddable":true,"href":"https:\/\/www.monpilatesauquotidien.com\/index.php\/wp-json\/wp\/v2\/product_tag?post=46"}],"curies":[{"name":"wp","href":"https:\/\/api.w.org\/{rel}","templated":true}]}}