{"id":3273,"date":"2025-07-26T18:59:46","date_gmt":"2025-07-26T16:59:46","guid":{"rendered":"https:\/\/www.monpilatesauquotidien.com\/?post_type=product&#038;p=3273"},"modified":"2025-07-27T18:12:52","modified_gmt":"2025-07-27T16:12:52","slug":"2025-mon-pack-partons-a-laventure-de-quelques-minutes-pour-se-reconnecter-a-son-corps","status":"publish","type":"product","link":"https:\/\/www.monpilatesauquotidien.com\/index.php\/produit\/2025-mon-pack-partons-a-laventure-de-quelques-minutes-pour-se-reconnecter-a-son-corps\/","title":{"rendered":"2025 &#8211; MON PACK  \u00ab\u00a0PARTONS \u00c0 L&rsquo;AVENTURE DE QUELQUES MINUTES POUR SE RECONNECTER \u00c0 SON CORPS\u00a0\u00bb"},"content":{"rendered":"<p class=\"has-vivid-cyan-blue-color has-text-color has-link-color has-medium-font-size wp-elements-2a90e8a19564d3f8284e50f549dcd609\"><strong><span style=\"font-size: 14pt;\">Mon Pack \u00ab\u00a0Partons \u00e0 l&rsquo;aventure de quelques minutes pour se reconnecter \u00e0 son corps !\u00a0\u00bb<\/span><\/strong><\/p>\n<p class=\"has-vivid-cyan-blue-color has-text-color has-link-color has-medium-font-size wp-elements-2a90e8a19564d3f8284e50f549dcd609\">Ces nouvelles habitudes changeront notre \u00e9nergie, notre dynamique et vont nous conduire vers une nouvelle posture, vers un nouveau NOUS ! Merveilleux !<\/p>\n<p>&nbsp;<\/p>\n<p><strong><span style=\"font-size: 14pt;\">Description (1 Vid\u00e9o d&rsquo;introduction de 25 minutes et 21 capsules de 2 \u00e0 7 minutes)<\/span><\/strong><\/p>\n<ul>\n<li>Cr\u00e9er des instants pour bouger avec plaisir<\/li>\n<li>Cr\u00e9er de nouvelles habitudes durables<\/li>\n<li>Retrouver un corps libre de bouger, d&rsquo;affiner nos ressentis pour aller plus loin et voir autrement, laisser partir nos douleurs et nos tensions<\/li>\n<li>Prendre des rdv \u00ab\u00a0bien-\u00eatre\u00a0\u00bb pour \u00eatre actrice-eur de notre forme et de notre sant\u00e9<\/li>\n<\/ul>\n<p>&nbsp;<\/p>\n<div><span style=\"color: #ff9900; font-size: large;\"><b><i>1 vid\u00e9o d&rsquo;introduction\u00a0 et\u00a0 21 capsules<\/i><\/b><\/span><\/div>\n<div>\n<div><\/div>\n<div><span style=\"font-family: comic sans ms, sans-serif;\"><b>MPAQ &#8211; Vid\u00e9o d&rsquo;introduction &#8211; Tout est reli\u00e9 ! (27 minutes)<\/b><\/span><\/div>\n<div><\/div>\n<div><b><span style=\"font-family: comic sans ms, sans-serif;\">MPAQ &#8211; Prendre sa douche, c&rsquo;est le pied ! (3 minutes)<\/span><\/b><\/div>\n<div><b><span style=\"font-family: comic sans ms, sans-serif;\">MPAQ &#8211; Aller aux toilettes, c&rsquo;est tout un art ! (4 minutes)<\/span><\/b><\/div>\n<div><b><span style=\"font-family: comic sans ms, sans-serif;\">MPAQ- Une astuce pour redonner du tonus \u00e0 notre p\u00e9rin\u00e9e ! (4 minutes)<\/span><\/b><\/div>\n<div>\n<div><b><span style=\"font-family: comic sans ms, sans-serif;\">MPAQ &#8211; Petite astuce pour un p\u00e9rin\u00e9e qui sourit ! (3 minutes)<\/span><\/b><\/div>\n<\/div>\n<div><b><span style=\"font-family: comic sans ms, sans-serif;\">MPAQ &#8211; Notre brosse \u00e0 dents, un accessoire merveilleux pour notre stabilit\u00e9 ! (6 minutes)<\/span><\/b><\/div>\n<div><b><span style=\"font-family: comic sans ms, sans-serif;\">MPAQ &#8211; J&rsquo;ai tellement h\u00e2te de me brosser les dents pour bouger mon corps ! (niveau avanc\u00e9) (2 minutes)<\/span><\/b><\/div>\n<div><b><span style=\"font-family: comic sans ms, sans-serif;\">MPAQ &#8211; Chaise 1 &#8211; Un petit peu tous les jours pour un corps en bonne sant\u00e9 ! (5 minutes) <\/span><\/b><\/div>\n<div><b><span style=\"font-family: comic sans ms, sans-serif;\">MPAQ &#8211; Quel bonheur dans notre corps lorsque nous enfilons nos chaussettes et chaussures! (7 minutes)<\/span><\/b><\/div>\n<div><b><span style=\"font-family: comic sans ms, sans-serif;\">MPAQ &#8211; Du mouvement pour lib\u00e9rer vos douleurs et vous sentir bien ! (merci le canap\u00e9 !)\u00a0 (6 minutes)<\/span><\/b><\/div>\n<div><b><span style=\"font-family: comic sans ms, sans-serif;\">MPAQ- Boostons notre corps ET gagnons en tonus, en mobilit\u00e9 et en bien-\u00eatre (merci le canap\u00e9) ! &#8211; (5 minutes)<\/span><\/b><\/div>\n<div><b><span style=\"font-family: comic sans ms, sans-serif;\">MPAQ &#8211; Je m&rsquo;assieds et je me rel\u00e8ve avec classe ! (5 minutes)<\/span><\/b><\/div>\n<div><b><span style=\"font-family: comic sans ms, sans-serif;\">MPAQ &#8211; \u00c9TAPE 1 \u00a0\u00bb POSITION ACCROUPIE\u00a0\u00a0\u00a0\u00bb : Je m&rsquo;assieds sans m&rsquo;assoir ! (4 minutes)<\/span><\/b><\/div>\n<div><span style=\"font-family: comic sans ms, sans-serif;\"><b>MPAQ &#8211; ETAPE 2 \u00ab\u00a0POSITION ACCROUPIE\u00a0\u00bb se sentir soutenu.e pour aller plus loin ! (3 minutes)<\/b><\/span><b><\/b><\/div>\n<div><b><span style=\"font-family: comic sans ms, sans-serif;\">MPAQ &#8211; ETAPE 3 \u00ab\u00a0POSITION ACCROUPIE\u00a0\u00bb : Je sur\u00e9l\u00e8ve mes talons ! (4 minutes)<\/span><\/b><\/div>\n<div><b><span style=\"font-family: comic sans ms, sans-serif;\">MPAQ &#8211; ETAPE 4 \u00a0\u00bb POSITION ACCROUPIE\u00a0\u00bb\u00a0 Vous y \u00eates presque ! (2 minutes)<\/span><\/b><\/div>\n<div><b><span style=\"font-family: comic sans ms, sans-serif;\">MPAQ &#8211; ETAPE 5 \u00ab\u00a0POSITION ACCROUPIE\u00a0\u00bb Bravo ! (2 minutes)<\/span><\/b><\/div>\n<div><b><span style=\"font-family: comic sans ms, sans-serif;\">MPAQ &#8211; Dansons avec notre bassin pour soulager nos lombaires ! (3 minutes)<\/span><\/b><\/div>\n<div><b><span style=\"font-family: comic sans ms, sans-serif;\">MPAQ &#8211; Les escaliers: un super alli\u00e9 pour renforcer notre corps , nous redonner confiance ! (5 minutes)<\/span><\/b><\/div>\n<div><b><span style=\"font-family: comic sans ms, sans-serif;\">MPAQ &#8211; Les escaliers: un super alli\u00e9 pour retrouver de la mobilit\u00e9 et pour lib\u00e9rer nos lombaires ! (4 minutes)<\/span><\/b><\/div>\n<div><b><span style=\"font-family: comic sans ms, sans-serif;\">MPAQ &#8211; Les escaliers: je monte les marches avec entrain ! (5 minutes)<\/span><\/b><b><\/b><b><\/b><\/div>\n<div><b><span style=\"font-family: comic sans ms, sans-serif;\">MPAQ &#8211; Vos levers et vos couchers programment votre corps ! (5 minutes)<\/span><\/b><\/div>\n<\/div>\n<div><\/div>\n<p>&nbsp;<\/p>\n","protected":false},"excerpt":{"rendered":"<p class=\"has-vivid-cyan-blue-color has-text-color has-link-color has-medium-font-size wp-elements-2a90e8a19564d3f8284e50f549dcd609\"><strong><span style=\"font-size: 14pt;\">Mon Pack \u00ab\u00a0Partons \u00e0 l&rsquo;aventure de quelques minutes pour se reconnecter \u00e0 son corps !\u00a0\u00bb<\/span><\/strong><\/p>\n<p>Ces petits instants que vous prenez vont se transformer en habitudes qui vont changer votre vie et votre rapport avec votre corps.<\/p>\n<p class=\"has-vivid-cyan-blue-color has-text-color has-link-color has-medium-font-size wp-elements-2a90e8a19564d3f8284e50f549dcd609\">Une belle invitation \u00e0 prendre du temps pour soi et \u00e0 revenir dans son corps l\u00e0 o\u00f9 nous nous trouvons, pour se sentir bien dans son quotidien !<\/p>\n<p><b>(1 vid\u00e9o d&rsquo;introduction de 25 minutes\/ 21 Capsules entre 2 minutes et 5 minutes)<\/b><\/p>\n<p>Descriptif en bas de la page<\/p>\n<ul>\n<li>Cr\u00e9er des instants pour bouger avec plaisir<\/li>\n<li>Cr\u00e9er de nouvelles habitudes durables<\/li>\n<li>Retrouver un corps libre de bouger, d&rsquo;affiner nos ressentis pour aller plus loin et voir autrement, laisser partir nos douleurs et nos tensions<\/li>\n<li>Prendre des rdv \u00ab\u00a0bien-\u00eatre\u00a0\u00bb pour \u00eatre actrice-eur de notre forme et de notre sant\u00e9<\/li>\n<\/ul>\n","protected":false},"featured_media":3051,"template":"","meta":[],"product_cat":[31],"product_tag":[],"class_list":{"0":"post-3273","1":"product","2":"type-product","3":"status-publish","4":"has-post-thumbnail","6":"product_cat-packs","8":"first","9":"instock","10":"downloadable","11":"virtual","12":"purchasable","13":"product-type-simple"},"yoast_head":"<!-- This site is optimized with the Yoast SEO plugin v24.1 - https:\/\/yoast.com\/wordpress\/plugins\/seo\/ -->\n<title>2025 - MON PACK &quot;PARTONS \u00c0 L&#039;AVENTURE DE QUELQUES MINUTES POUR SE RECONNECTER \u00c0 SON CORPS&quot; - Mon Pilates Au Quotidien<\/title>\n<meta name=\"robots\" content=\"index, follow, max-snippet:-1, max-image-preview:large, max-video-preview:-1\" \/>\n<link rel=\"canonical\" href=\"https:\/\/www.monpilatesauquotidien.com\/index.php\/produit\/2025-mon-pack-partons-a-laventure-de-quelques-minutes-pour-se-reconnecter-a-son-corps\/\" \/>\n<meta property=\"og:locale\" content=\"fr_FR\" \/>\n<meta property=\"og:type\" content=\"article\" \/>\n<meta property=\"og:title\" content=\"2025 - MON PACK &quot;PARTONS \u00c0 L&#039;AVENTURE DE QUELQUES MINUTES POUR SE RECONNECTER \u00c0 SON CORPS&quot; - Mon Pilates Au Quotidien\" \/>\n<meta property=\"og:description\" content=\"Mon Pack &quot;Partons \u00e0 l&#039;aventure de quelques minutes pour se reconnecter \u00e0 son corps !&quot; Ces petits instants que vous prenez vont se transformer en habitudes qui vont changer votre vie et votre rapport avec votre corps. Une belle invitation \u00e0 prendre du temps pour soi et \u00e0 revenir dans son corps l\u00e0 o\u00f9 nous nous trouvons, pour se sentir bien dans son quotidien ! (1 vid\u00e9o d&#039;introduction de 25 minutes\/ 21 Capsules entre 2 minutes et 5 minutes)  Descriptif en bas de la page   Cr\u00e9er des instants pour bouger avec plaisir  Cr\u00e9er de nouvelles habitudes durables  Retrouver un corps libre de bouger, d&#039;affiner nos ressentis pour aller plus loin et voir autrement, laisser partir nos douleurs et nos tensions  Prendre des rdv &quot;bien-\u00eatre&quot; pour \u00eatre actrice-eur de notre forme et de notre sant\u00e9\" \/>\n<meta property=\"og:url\" content=\"https:\/\/www.monpilatesauquotidien.com\/index.php\/produit\/2025-mon-pack-partons-a-laventure-de-quelques-minutes-pour-se-reconnecter-a-son-corps\/\" \/>\n<meta property=\"og:site_name\" content=\"Mon Pilates Au Quotidien\" \/>\n<meta property=\"article:publisher\" content=\"https:\/\/www.facebook.com\/pages\/category\/Health-Beauty\/Mon-Pilates-Au-Quotidien-108146187344815\/\" \/>\n<meta property=\"article:modified_time\" content=\"2025-07-27T16:12:52+00:00\" \/>\n<meta property=\"og:image\" content=\"https:\/\/www.monpilatesauquotidien.com\/wp-content\/uploads\/2024\/07\/Chaussettes-scaled.jpg\" \/>\n\t<meta property=\"og:image:width\" content=\"2352\" \/>\n\t<meta property=\"og:image:height\" content=\"2560\" \/>\n\t<meta property=\"og:image:type\" content=\"image\/jpeg\" \/>\n<meta name=\"twitter:card\" content=\"summary_large_image\" \/>\n<meta name=\"twitter:label1\" content=\"Dur\u00e9e de lecture estim\u00e9e\" \/>\n\t<meta name=\"twitter:data1\" content=\"3 minutes\" \/>\n<script type=\"application\/ld+json\" class=\"yoast-schema-graph\">{\"@context\":\"https:\/\/schema.org\",\"@graph\":[{\"@type\":\"WebPage\",\"@id\":\"https:\/\/www.monpilatesauquotidien.com\/index.php\/produit\/2025-mon-pack-partons-a-laventure-de-quelques-minutes-pour-se-reconnecter-a-son-corps\/\",\"url\":\"https:\/\/www.monpilatesauquotidien.com\/index.php\/produit\/2025-mon-pack-partons-a-laventure-de-quelques-minutes-pour-se-reconnecter-a-son-corps\/\",\"name\":\"2025 - MON PACK \\\"PARTONS \u00c0 L'AVENTURE DE QUELQUES MINUTES POUR SE RECONNECTER \u00c0 SON CORPS\\\" - Mon Pilates Au Quotidien\",\"isPartOf\":{\"@id\":\"https:\/\/www.monpilatesauquotidien.com\/#website\"},\"primaryImageOfPage\":{\"@id\":\"https:\/\/www.monpilatesauquotidien.com\/index.php\/produit\/2025-mon-pack-partons-a-laventure-de-quelques-minutes-pour-se-reconnecter-a-son-corps\/#primaryimage\"},\"image\":{\"@id\":\"https:\/\/www.monpilatesauquotidien.com\/index.php\/produit\/2025-mon-pack-partons-a-laventure-de-quelques-minutes-pour-se-reconnecter-a-son-corps\/#primaryimage\"},\"thumbnailUrl\":\"https:\/\/www.monpilatesauquotidien.com\/wp-content\/uploads\/2024\/07\/Chaussettes-scaled.jpg\",\"datePublished\":\"2025-07-26T16:59:46+00:00\",\"dateModified\":\"2025-07-27T16:12:52+00:00\",\"breadcrumb\":{\"@id\":\"https:\/\/www.monpilatesauquotidien.com\/index.php\/produit\/2025-mon-pack-partons-a-laventure-de-quelques-minutes-pour-se-reconnecter-a-son-corps\/#breadcrumb\"},\"inLanguage\":\"fr-FR\",\"potentialAction\":[{\"@type\":\"ReadAction\",\"target\":[\"https:\/\/www.monpilatesauquotidien.com\/index.php\/produit\/2025-mon-pack-partons-a-laventure-de-quelques-minutes-pour-se-reconnecter-a-son-corps\/\"]}]},{\"@type\":\"ImageObject\",\"inLanguage\":\"fr-FR\",\"@id\":\"https:\/\/www.monpilatesauquotidien.com\/index.php\/produit\/2025-mon-pack-partons-a-laventure-de-quelques-minutes-pour-se-reconnecter-a-son-corps\/#primaryimage\",\"url\":\"https:\/\/www.monpilatesauquotidien.com\/wp-content\/uploads\/2024\/07\/Chaussettes-scaled.jpg\",\"contentUrl\":\"https:\/\/www.monpilatesauquotidien.com\/wp-content\/uploads\/2024\/07\/Chaussettes-scaled.jpg\",\"width\":2352,\"height\":2560},{\"@type\":\"BreadcrumbList\",\"@id\":\"https:\/\/www.monpilatesauquotidien.com\/index.php\/produit\/2025-mon-pack-partons-a-laventure-de-quelques-minutes-pour-se-reconnecter-a-son-corps\/#breadcrumb\",\"itemListElement\":[{\"@type\":\"ListItem\",\"position\":1,\"name\":\"Accueil\",\"item\":\"https:\/\/www.monpilatesauquotidien.com\/\"},{\"@type\":\"ListItem\",\"position\":2,\"name\":\"Boutique\",\"item\":\"https:\/\/www.monpilatesauquotidien.com\/index.php\/boutique\/\"},{\"@type\":\"ListItem\",\"position\":3,\"name\":\"2025 &#8211; MON PACK \u00ab\u00a0PARTONS \u00c0 L&rsquo;AVENTURE DE QUELQUES MINUTES POUR SE RECONNECTER \u00c0 SON CORPS\u00a0\u00bb\"}]},{\"@type\":\"WebSite\",\"@id\":\"https:\/\/www.monpilatesauquotidien.com\/#website\",\"url\":\"https:\/\/www.monpilatesauquotidien.com\/\",\"name\":\"Mon Pilates Au Quotidien\",\"description\":\"\",\"publisher\":{\"@id\":\"https:\/\/www.monpilatesauquotidien.com\/#organization\"},\"potentialAction\":[{\"@type\":\"SearchAction\",\"target\":{\"@type\":\"EntryPoint\",\"urlTemplate\":\"https:\/\/www.monpilatesauquotidien.com\/?s={search_term_string}\"},\"query-input\":{\"@type\":\"PropertyValueSpecification\",\"valueRequired\":true,\"valueName\":\"search_term_string\"}}],\"inLanguage\":\"fr-FR\"},{\"@type\":\"Organization\",\"@id\":\"https:\/\/www.monpilatesauquotidien.com\/#organization\",\"name\":\"Mon Pilates Au Quotidien\",\"url\":\"https:\/\/www.monpilatesauquotidien.com\/\",\"logo\":{\"@type\":\"ImageObject\",\"inLanguage\":\"fr-FR\",\"@id\":\"https:\/\/www.monpilatesauquotidien.com\/#\/schema\/logo\/image\/\",\"url\":\"https:\/\/www.monpilatesauquotidien.com\/wp-content\/uploads\/2020\/01\/1jojVVCOMkX9Wyrexe4hGfU0aibzE4TyVqYlCUaLysosFAoyXR006x9qf82PEFZtVwNhBcGcMI0jiFtFN5MzV8w8j6IPoNDXXt3yC8SBrdYRTl0LFGUFP8.png\",\"contentUrl\":\"https:\/\/www.monpilatesauquotidien.com\/wp-content\/uploads\/2020\/01\/1jojVVCOMkX9Wyrexe4hGfU0aibzE4TyVqYlCUaLysosFAoyXR006x9qf82PEFZtVwNhBcGcMI0jiFtFN5MzV8w8j6IPoNDXXt3yC8SBrdYRTl0LFGUFP8.png\",\"width\":190,\"height\":114,\"caption\":\"Mon Pilates Au Quotidien\"},\"image\":{\"@id\":\"https:\/\/www.monpilatesauquotidien.com\/#\/schema\/logo\/image\/\"},\"sameAs\":[\"https:\/\/www.facebook.com\/pages\/category\/Health-Beauty\/Mon-Pilates-Au-Quotidien-108146187344815\/\",\"https:\/\/www.instagram.com\/monpilatesauquotidien\/\"]}]}<\/script>\n<!-- \/ Yoast SEO plugin. -->","yoast_head_json":{"title":"2025 - MON PACK \"PARTONS \u00c0 L'AVENTURE DE QUELQUES MINUTES POUR SE RECONNECTER \u00c0 SON CORPS\" - Mon Pilates Au Quotidien","robots":{"index":"index","follow":"follow","max-snippet":"max-snippet:-1","max-image-preview":"max-image-preview:large","max-video-preview":"max-video-preview:-1"},"canonical":"https:\/\/www.monpilatesauquotidien.com\/index.php\/produit\/2025-mon-pack-partons-a-laventure-de-quelques-minutes-pour-se-reconnecter-a-son-corps\/","og_locale":"fr_FR","og_type":"article","og_title":"2025 - MON PACK \"PARTONS \u00c0 L'AVENTURE DE QUELQUES MINUTES POUR SE RECONNECTER \u00c0 SON CORPS\" - Mon Pilates Au Quotidien","og_description":"Mon Pack \"Partons \u00e0 l'aventure de quelques minutes pour se reconnecter \u00e0 son corps !\" Ces petits instants que vous prenez vont se transformer en habitudes qui vont changer votre vie et votre rapport avec votre corps. Une belle invitation \u00e0 prendre du temps pour soi et \u00e0 revenir dans son corps l\u00e0 o\u00f9 nous nous trouvons, pour se sentir bien dans son quotidien ! (1 vid\u00e9o d'introduction de 25 minutes\/ 21 Capsules entre 2 minutes et 5 minutes)  Descriptif en bas de la page   Cr\u00e9er des instants pour bouger avec plaisir  Cr\u00e9er de nouvelles habitudes durables  Retrouver un corps libre de bouger, d'affiner nos ressentis pour aller plus loin et voir autrement, laisser partir nos douleurs et nos tensions  Prendre des rdv \"bien-\u00eatre\" pour \u00eatre actrice-eur de notre forme et de notre sant\u00e9","og_url":"https:\/\/www.monpilatesauquotidien.com\/index.php\/produit\/2025-mon-pack-partons-a-laventure-de-quelques-minutes-pour-se-reconnecter-a-son-corps\/","og_site_name":"Mon Pilates Au Quotidien","article_publisher":"https:\/\/www.facebook.com\/pages\/category\/Health-Beauty\/Mon-Pilates-Au-Quotidien-108146187344815\/","article_modified_time":"2025-07-27T16:12:52+00:00","og_image":[{"width":2352,"height":2560,"url":"https:\/\/www.monpilatesauquotidien.com\/wp-content\/uploads\/2024\/07\/Chaussettes-scaled.jpg","type":"image\/jpeg"}],"twitter_card":"summary_large_image","twitter_misc":{"Dur\u00e9e de lecture estim\u00e9e":"3 minutes"},"schema":{"@context":"https:\/\/schema.org","@graph":[{"@type":"WebPage","@id":"https:\/\/www.monpilatesauquotidien.com\/index.php\/produit\/2025-mon-pack-partons-a-laventure-de-quelques-minutes-pour-se-reconnecter-a-son-corps\/","url":"https:\/\/www.monpilatesauquotidien.com\/index.php\/produit\/2025-mon-pack-partons-a-laventure-de-quelques-minutes-pour-se-reconnecter-a-son-corps\/","name":"2025 - MON PACK \"PARTONS \u00c0 L'AVENTURE DE QUELQUES MINUTES POUR SE RECONNECTER \u00c0 SON CORPS\" - Mon Pilates Au Quotidien","isPartOf":{"@id":"https:\/\/www.monpilatesauquotidien.com\/#website"},"primaryImageOfPage":{"@id":"https:\/\/www.monpilatesauquotidien.com\/index.php\/produit\/2025-mon-pack-partons-a-laventure-de-quelques-minutes-pour-se-reconnecter-a-son-corps\/#primaryimage"},"image":{"@id":"https:\/\/www.monpilatesauquotidien.com\/index.php\/produit\/2025-mon-pack-partons-a-laventure-de-quelques-minutes-pour-se-reconnecter-a-son-corps\/#primaryimage"},"thumbnailUrl":"https:\/\/www.monpilatesauquotidien.com\/wp-content\/uploads\/2024\/07\/Chaussettes-scaled.jpg","datePublished":"2025-07-26T16:59:46+00:00","dateModified":"2025-07-27T16:12:52+00:00","breadcrumb":{"@id":"https:\/\/www.monpilatesauquotidien.com\/index.php\/produit\/2025-mon-pack-partons-a-laventure-de-quelques-minutes-pour-se-reconnecter-a-son-corps\/#breadcrumb"},"inLanguage":"fr-FR","potentialAction":[{"@type":"ReadAction","target":["https:\/\/www.monpilatesauquotidien.com\/index.php\/produit\/2025-mon-pack-partons-a-laventure-de-quelques-minutes-pour-se-reconnecter-a-son-corps\/"]}]},{"@type":"ImageObject","inLanguage":"fr-FR","@id":"https:\/\/www.monpilatesauquotidien.com\/index.php\/produit\/2025-mon-pack-partons-a-laventure-de-quelques-minutes-pour-se-reconnecter-a-son-corps\/#primaryimage","url":"https:\/\/www.monpilatesauquotidien.com\/wp-content\/uploads\/2024\/07\/Chaussettes-scaled.jpg","contentUrl":"https:\/\/www.monpilatesauquotidien.com\/wp-content\/uploads\/2024\/07\/Chaussettes-scaled.jpg","width":2352,"height":2560},{"@type":"BreadcrumbList","@id":"https:\/\/www.monpilatesauquotidien.com\/index.php\/produit\/2025-mon-pack-partons-a-laventure-de-quelques-minutes-pour-se-reconnecter-a-son-corps\/#breadcrumb","itemListElement":[{"@type":"ListItem","position":1,"name":"Accueil","item":"https:\/\/www.monpilatesauquotidien.com\/"},{"@type":"ListItem","position":2,"name":"Boutique","item":"https:\/\/www.monpilatesauquotidien.com\/index.php\/boutique\/"},{"@type":"ListItem","position":3,"name":"2025 &#8211; MON PACK \u00ab\u00a0PARTONS \u00c0 L&rsquo;AVENTURE DE QUELQUES MINUTES POUR SE RECONNECTER \u00c0 SON CORPS\u00a0\u00bb"}]},{"@type":"WebSite","@id":"https:\/\/www.monpilatesauquotidien.com\/#website","url":"https:\/\/www.monpilatesauquotidien.com\/","name":"Mon Pilates Au Quotidien","description":"","publisher":{"@id":"https:\/\/www.monpilatesauquotidien.com\/#organization"},"potentialAction":[{"@type":"SearchAction","target":{"@type":"EntryPoint","urlTemplate":"https:\/\/www.monpilatesauquotidien.com\/?s={search_term_string}"},"query-input":{"@type":"PropertyValueSpecification","valueRequired":true,"valueName":"search_term_string"}}],"inLanguage":"fr-FR"},{"@type":"Organization","@id":"https:\/\/www.monpilatesauquotidien.com\/#organization","name":"Mon Pilates Au Quotidien","url":"https:\/\/www.monpilatesauquotidien.com\/","logo":{"@type":"ImageObject","inLanguage":"fr-FR","@id":"https:\/\/www.monpilatesauquotidien.com\/#\/schema\/logo\/image\/","url":"https:\/\/www.monpilatesauquotidien.com\/wp-content\/uploads\/2020\/01\/1jojVVCOMkX9Wyrexe4hGfU0aibzE4TyVqYlCUaLysosFAoyXR006x9qf82PEFZtVwNhBcGcMI0jiFtFN5MzV8w8j6IPoNDXXt3yC8SBrdYRTl0LFGUFP8.png","contentUrl":"https:\/\/www.monpilatesauquotidien.com\/wp-content\/uploads\/2020\/01\/1jojVVCOMkX9Wyrexe4hGfU0aibzE4TyVqYlCUaLysosFAoyXR006x9qf82PEFZtVwNhBcGcMI0jiFtFN5MzV8w8j6IPoNDXXt3yC8SBrdYRTl0LFGUFP8.png","width":190,"height":114,"caption":"Mon Pilates Au Quotidien"},"image":{"@id":"https:\/\/www.monpilatesauquotidien.com\/#\/schema\/logo\/image\/"},"sameAs":["https:\/\/www.facebook.com\/pages\/category\/Health-Beauty\/Mon-Pilates-Au-Quotidien-108146187344815\/","https:\/\/www.instagram.com\/monpilatesauquotidien\/"]}]}},"jetpack_sharing_enabled":true,"_links":{"self":[{"href":"https:\/\/www.monpilatesauquotidien.com\/index.php\/wp-json\/wp\/v2\/product\/3273","targetHints":{"allow":["GET"]}}],"collection":[{"href":"https:\/\/www.monpilatesauquotidien.com\/index.php\/wp-json\/wp\/v2\/product"}],"about":[{"href":"https:\/\/www.monpilatesauquotidien.com\/index.php\/wp-json\/wp\/v2\/types\/product"}],"wp:featuredmedia":[{"embeddable":true,"href":"https:\/\/www.monpilatesauquotidien.com\/index.php\/wp-json\/wp\/v2\/media\/3051"}],"wp:attachment":[{"href":"https:\/\/www.monpilatesauquotidien.com\/index.php\/wp-json\/wp\/v2\/media?parent=3273"}],"wp:term":[{"taxonomy":"product_cat","embeddable":true,"href":"https:\/\/www.monpilatesauquotidien.com\/index.php\/wp-json\/wp\/v2\/product_cat?post=3273"},{"taxonomy":"product_tag","embeddable":true,"href":"https:\/\/www.monpilatesauquotidien.com\/index.php\/wp-json\/wp\/v2\/product_tag?post=3273"}],"curies":[{"name":"wp","href":"https:\/\/api.w.org\/{rel}","templated":true}]}}